{"id":655,"date":"2025-03-17T21:05:59","date_gmt":"2025-03-17T21:05:59","guid":{"rendered":"http:\/\/trautonia-capra.com\/?page_id=655"},"modified":"2025-04-19T11:24:53","modified_gmt":"2025-04-19T11:24:53","slug":"events","status":"publish","type":"page","link":"http:\/\/trautonia-capra.com\/?page_id=655","title":{"rendered":"Events"},"content":{"rendered":"<h3 style=\"text-align: center;\">Events<\/h3>\n<p>&nbsp;<\/p>\n<p><img loading=\"lazy\" decoding=\"async\" class=\"size-medium wp-image-657 aligncenter\" src=\"http:\/\/trautonia-capra.com\/wp-content\/uploads\/2025\/03\/Trautonia-Capra-Nosferatu-Foto-von-M.-Weber-1024x768-1-300x225.jpeg\" alt=\"\" width=\"300\" height=\"225\" srcset=\"http:\/\/trautonia-capra.com\/wp-content\/uploads\/2025\/03\/Trautonia-Capra-Nosferatu-Foto-von-M.-Weber-1024x768-1-300x225.jpeg 300w, http:\/\/trautonia-capra.com\/wp-content\/uploads\/2025\/03\/Trautonia-Capra-Nosferatu-Foto-von-M.-Weber-1024x768-1-768x576.jpeg 768w, http:\/\/trautonia-capra.com\/wp-content\/uploads\/2025\/03\/Trautonia-Capra-Nosferatu-Foto-von-M.-Weber-1024x768-1.jpeg 1024w\" sizes=\"auto, (max-width: 300px) 100vw, 300px\" \/><\/p>\n<p>&nbsp;<\/p>\n<p>&nbsp;<\/p>\n<blockquote><p>TANZ ODER GAR NICHT! ? DIY Parties und Festival | Bielefeld [GER] 22.+23.08.25<\/p><\/blockquote>\n<p>Matthias Schuster &amp; Trautonia Capra<br \/>\nperformen auf dem UNTER NULL Festival in Bielefeld am Samstag 23.08.25<\/p>\n<p>2x live:<br \/>\nTrautonia Capra : No-Sphera-Tu &#8211; Suite (Solo)<br \/>\nMatthias Schuster &amp; Trautonia Capra<\/p>\n<p><a href=\"https:\/\/www.facebook.com\/events\/s\/unter-null-festival\/575931452006074\/?mibextid=wwXIfr&amp;rdid=opud5H25jSQcs4sZ&amp;share_url=https%3A%2F%2Fwww.facebook.com%2Fshare%2F15ZbERgc4q%2F%3Fmibextid%3DwwXIfr\" target=\"_blank\" rel=\"noopener\"><strong>&gt; Mehr Infos<\/strong><\/a><\/p>\n<p>&nbsp;<\/p>\n<p><img loading=\"lazy\" decoding=\"async\" class=\"size-medium wp-image-776 alignnone\" src=\"http:\/\/trautonia-capra.com\/wp-content\/uploads\/2025\/04\/Pankahyttn1-300x225.jpg\" alt=\"\" width=\"300\" height=\"225\" srcset=\"http:\/\/trautonia-capra.com\/wp-content\/uploads\/2025\/04\/Pankahyttn1-300x225.jpg 300w, http:\/\/trautonia-capra.com\/wp-content\/uploads\/2025\/04\/Pankahyttn1-1024x768.jpg 1024w, http:\/\/trautonia-capra.com\/wp-content\/uploads\/2025\/04\/Pankahyttn1-768x576.jpg 768w, http:\/\/trautonia-capra.com\/wp-content\/uploads\/2025\/04\/Pankahyttn1-1536x1152.jpg 1536w, http:\/\/trautonia-capra.com\/wp-content\/uploads\/2025\/04\/Pankahyttn1-1140x855.jpg 1140w, http:\/\/trautonia-capra.com\/wp-content\/uploads\/2025\/04\/Pankahyttn1.jpg 2048w\" sizes=\"auto, (max-width: 300px) 100vw, 300px\" \/><\/p>\n<p>&nbsp;<\/p>\n<p>&nbsp;<\/p>\n<blockquote><p>Am 11. Januar wird&#8217;s schaurig-sch\u00f6n im Savoy!<\/p><\/blockquote>\n<p>Der Stummfilm-Klassiker NOSFERATU (Murnau, 1922) wird live von der Thereministin Trautonia Capra vertont und in der Originalfassung mit deutschen Zwischentiteln gezeigt &#8211; Passend zu Robert Eggers&#8216; Neuverfilmung (Release: 2. Januar \/ Previews ab 28.12.)!<\/p>\n<p>Tickets sind jetzt erh\u00e4ltlich<\/p>\n<p>&nbsp;<\/p>\n<p>&nbsp;<\/p>\n<blockquote><p>Return Of The Roxy: Nosferatu \u2013 eine Symphonie des Grauens \u2013 30. Oktober 2024<\/p><\/blockquote>\n<p>Mittwoch, 30. Oktober 2024, 20 Uhr \u2013 Brauhaus Nolte, Dahlenburger Landstr. 102, 21337 L\u00fcneburg<\/p>\n<p>Der Reformationstag, Donnerstag, 31. Oktober 2024, ist ein Feiertag. Deswegen findet unsere monatliche Return Of The Roxy-Reihe im Saal des Brauhaus Nolte an einem Mittwoch statt, am 30. Oktober 2024. Als Vorgeschmack auf Halloween l\u00e4uft der Stummfilm \u201eNosferatu \u2013 Eine Symphonie des Grauens\u201c (1922) von Friedrich Wilhelm Murnau. Ein Film aus dem Bestand der Friedrich Wilhelm Murnau Stiftung in Wiesbaden.<\/p>\n<p>Begleitet von \u201eNo Sphera Tu-Suite\u201c, Gesang und rostiger Waldharfe<br \/>\nAls Besonderheit an diesem Abend h\u00f6ren wir die Live-Vertonung der Hamburger Theremin-Musikerin Trautonia Capra. Sie hat die Suite \u201eNo Sphera Tu\u201c zu dem Film komponiert und vorproduziert. Sie wird punktgenau zusammen mit ihrer Live-Improvisation aufgef\u00fchrt.<\/p>\n<p>Experimentelle und konventionelle Sequenzen wechseln sich ab und werden erg\u00e4nzt durch Fieldrecording und Sound-Samples von den L\u00fcbecker Originaldrehorten des Films. Dar\u00fcber improvisiert Trautonia live am Theremin, mit ihrer ausdrucksstarken Stimme, Klangschalen, Gongs \u2014 und mit antiken L\u00fcbecker Zimmermanns-N\u00e4geln auf einer rostigen Waldharfe.<\/p>\n<p>Los geht\u2019s um 20 Uhr im Brauhaus Nolte in der Dahlenburger Landstra\u00dfe. Der Eintritt ist frei, ein Hut geht herum.<\/p>\n<p>&nbsp;<\/p>\n<p>&nbsp;<\/p>\n","protected":false},"excerpt":{"rendered":"<p>Events &nbsp; &nbsp; &nbsp; TANZ ODER GAR NICHT! ? DIY Parties und Festival | Bielefeld [GER] 22.+23.08.25 Matthias Schuster &amp; Trautonia Capra performen auf dem UNTER NULL Festival in Bielefeld am Samstag 23.08.25 2x live: Trautonia Capra : No-Sphera-Tu &#8211; Suite (Solo) Matthias Schuster &amp; Trautonia Capra &gt; Mehr Infos &nbsp; &nbsp; &nbsp; Am 11. Januar wird&#8217;s schaurig-sch\u00f6n im Savoy! Der Stummfilm-Klassiker NOSFERATU (Murnau, 1922) wird live von der Thereministin Trautonia Capra vertont und in der Originalfassung mit deutschen Zwischentiteln gezeigt &#8211; Passend zu Robert Eggers&#8216; Neuverfilmung (Release: 2. Januar \/ Previews ab 28.12.)! Tickets sind jetzt erh\u00e4ltlich &nbsp; &nbsp; Return Of The Roxy: Nosferatu \u2013 eine Symphonie des Grauens \u2013 30. Oktober 2024 Mittwoch, 30. Oktober 2024, 20 Uhr \u2013 Brauhaus Nolte, Dahlenburger Landstr. 102, 21337 L\u00fcneburg Der Reformationstag, Donnerstag, 31. Oktober 2024, ist ein Feiertag. Deswegen findet unsere monatliche Return Of The Roxy-Reihe im Saal des Brauhaus Nolte an einem Mittwoch statt, am 30. Oktober 2024. Als Vorgeschmack auf Halloween l\u00e4uft der Stummfilm \u201eNosferatu \u2013 Eine Symphonie des Grauens\u201c (1922) von Friedrich Wilhelm Murnau. Ein Film aus dem Bestand der Friedrich Wilhelm Murnau Stiftung in Wiesbaden. Begleitet von \u201eNo Sphera Tu-Suite\u201c, Gesang und rostiger Waldharfe Als Besonderheit an diesem Abend h\u00f6ren wir die Live-Vertonung der Hamburger Theremin-Musikerin Trautonia Capra. Sie hat die Suite \u201eNo Sphera Tu\u201c zu dem Film komponiert und vorproduziert. Sie wird punktgenau zusammen mit ihrer Live-Improvisation aufgef\u00fchrt. Experimentelle und konventionelle Sequenzen wechseln sich ab und werden erg\u00e4nzt durch Fieldrecording und Sound-Samples von den L\u00fcbecker Originaldrehorten des Films. Dar\u00fcber improvisiert Trautonia live am Theremin, mit ihrer ausdrucksstarken Stimme, Klangschalen, Gongs \u2014 und mit antiken L\u00fcbecker Zimmermanns-N\u00e4geln auf einer rostigen Waldharfe. Los geht\u2019s um 20 Uhr im Brauhaus Nolte in der Dahlenburger Landstra\u00dfe. Der Eintritt ist frei, ein Hut geht herum. &nbsp; &nbsp;<\/p>\n","protected":false},"author":1,"featured_media":0,"parent":0,"menu_order":0,"comment_status":"closed","ping_status":"closed","template":"","meta":{"footnotes":""},"class_list":["post-655","page","type-page","status-publish","hentry"],"acf":[],"_links":{"self":[{"href":"http:\/\/trautonia-capra.com\/index.php?rest_route=\/wp\/v2\/pages\/655","targetHints":{"allow":["GET"]}}],"collection":[{"href":"http:\/\/trautonia-capra.com\/index.php?rest_route=\/wp\/v2\/pages"}],"about":[{"href":"http:\/\/trautonia-capra.com\/index.php?rest_route=\/wp\/v2\/types\/page"}],"author":[{"embeddable":true,"href":"http:\/\/trautonia-capra.com\/index.php?rest_route=\/wp\/v2\/users\/1"}],"replies":[{"embeddable":true,"href":"http:\/\/trautonia-capra.com\/index.php?rest_route=%2Fwp%2Fv2%2Fcomments&post=655"}],"version-history":[{"count":28,"href":"http:\/\/trautonia-capra.com\/index.php?rest_route=\/wp\/v2\/pages\/655\/revisions"}],"predecessor-version":[{"id":812,"href":"http:\/\/trautonia-capra.com\/index.php?rest_route=\/wp\/v2\/pages\/655\/revisions\/812"}],"wp:attachment":[{"href":"http:\/\/trautonia-capra.com\/index.php?rest_route=%2Fwp%2Fv2%2Fmedia&parent=655"}],"curies":[{"name":"wp","href":"https:\/\/api.w.org\/{rel}","templated":true}]}}